[INFO] fetching crate new-home-core 0.1.3...
[INFO] checking new-home-core-0.1.3 against master#cfbc6d4cf1acbac5c025acf8ed68929caa551df3 for pr-75494-beta
[INFO] extracting crate new-home-core 0.1.3 into /workspace/builds/worker-12/source
[INFO] validating manifest of crates.io crate new-home-core 0.1.3 on toolchain cfbc6d4cf1acbac5c025acf8ed68929caa551df3
[INFO] running `Command { std: "/workspace/cargo-home/bin/cargo" "+cfbc6d4cf1acbac5c025acf8ed68929caa551df3" "read-manifest" "--manifest-path" "Cargo.toml", kill_on_drop: false }`
[INFO] started tweaking crates.io crate new-home-core 0.1.3
[INFO] finished tweaking crates.io crate new-home-core 0.1.3
[INFO] tweaked toml for crates.io crate new-home-core 0.1.3 written to /workspace/builds/worker-12/source/Cargo.toml
[INFO] crate crates.io crate new-home-core 0.1.3 already has a lockfile, it will not be regenerated
[INFO] running `Command { std: "/workspace/cargo-home/bin/cargo" "+cfbc6d4cf1acbac5c025acf8ed68929caa551df3" "fetch" "--locked" "--manifest-path" "Cargo.toml", kill_on_drop: false }`
[INFO] running `Command { std: "docker" "create" "-v" "/var/lib/crater-agent-workspace/builds/worker-12/target:/opt/rustwide/target:rw,Z" "-v" "/var/lib/crater-agent-workspace/builds/worker-12/source:/opt/rustwide/workdir:ro,Z" "-v" "/var/lib/crater-agent-workspace/cargo-home:/opt/rustwide/cargo-home:ro,Z" "-v" "/var/lib/crater-agent-workspace/rustup-home:/opt/rustwide/rustup-home:ro,Z" "-e" "SOURCE_DIR=/opt/rustwide/workdir" "-e" "CARGO_TARGET_DIR=/opt/rustwide/target" "-e" "CARGO_HOME=/opt/rustwide/cargo-home" "-e" "RUSTUP_HOME=/opt/rustwide/rustup-home" "-w" "/opt/rustwide/workdir" "-m" "1610612736" "--user" "0:0" "--network" "none" "rustops/crates-build-env@sha256:a636fd89d022f18117e1dc8fb37a0a009933cdbbe082814857f0e2024962d47c" "/opt/rustwide/cargo-home/bin/cargo" "+cfbc6d4cf1acbac5c025acf8ed68929caa551df3" "metadata" "--no-deps" "--format-version=1", kill_on_drop: false }`
[INFO] [stdout] f1ffdb388ef5cc7ca37f9d455817ef77a9904579c9ff1a6640525c0d40b3a875
[INFO] [stderr] WARNING: Your kernel does not support swap limit capabilities or the cgroup is not mounted. Memory limited without swap.
[INFO] running `Command { std: "docker" "start" "-a" "f1ffdb388ef5cc7ca37f9d455817ef77a9904579c9ff1a6640525c0d40b3a875", kill_on_drop: false }`
[INFO] running `Command { std: "docker" "inspect" "f1ffdb388ef5cc7ca37f9d455817ef77a9904579c9ff1a6640525c0d40b3a875", kill_on_drop: false }`
[INFO] running `Command { std: "docker" "rm" "-f" "f1ffdb388ef5cc7ca37f9d455817ef77a9904579c9ff1a6640525c0d40b3a875", kill_on_drop: false }`
[INFO] [stdout] f1ffdb388ef5cc7ca37f9d455817ef77a9904579c9ff1a6640525c0d40b3a875
[INFO] running `Command { std: "docker" "create" "-v" "/var/lib/crater-agent-workspace/builds/worker-12/target:/opt/rustwide/target:rw,Z" "-v" "/var/lib/crater-agent-workspace/builds/worker-12/source:/opt/rustwide/workdir:ro,Z" "-v" "/var/lib/crater-agent-workspace/cargo-home:/opt/rustwide/cargo-home:ro,Z" "-v" "/var/lib/crater-agent-workspace/rustup-home:/opt/rustwide/rustup-home:ro,Z" "-e" "SOURCE_DIR=/opt/rustwide/workdir" "-e" "CARGO_TARGET_DIR=/opt/rustwide/target" "-e" "CARGO_INCREMENTAL=0" "-e" "RUST_BACKTRACE=full" "-e" "RUSTFLAGS=--cap-lints=forbid" "-e" "CARGO_HOME=/opt/rustwide/cargo-home" "-e" "RUSTUP_HOME=/opt/rustwide/rustup-home" "-w" "/opt/rustwide/workdir" "-m" "1610612736" "--user" "0:0" "--network" "none" "rustops/crates-build-env@sha256:a636fd89d022f18117e1dc8fb37a0a009933cdbbe082814857f0e2024962d47c" "/opt/rustwide/cargo-home/bin/cargo" "+cfbc6d4cf1acbac5c025acf8ed68929caa551df3" "check" "--frozen" "--all" "--all-targets" "--message-format=json", kill_on_drop: false }`
[INFO] [stdout] e264fef0673b1d57ac858a7fe82226ef3c298a8c57d3d8aef2efb3f95f411305
[INFO] [stderr] WARNING: Your kernel does not support swap limit capabilities or the cgroup is not mounted. Memory limited without swap.
[INFO] running `Command { std: "docker" "start" "-a" "e264fef0673b1d57ac858a7fe82226ef3c298a8c57d3d8aef2efb3f95f411305", kill_on_drop: false }`
[INFO] [stderr]    Compiling rand_core v0.4.2
[INFO] [stderr]    Compiling autocfg v0.1.7
[INFO] [stderr]    Compiling version_check v0.1.5
[INFO] [stderr]    Compiling proc-macro2 v1.0.8
[INFO] [stderr]    Compiling siphasher v0.2.3
[INFO] [stderr]    Compiling unicode-xid v0.2.0
[INFO] [stderr]    Compiling syn v1.0.14
[INFO] [stderr]    Compiling byteorder v1.3.2
[INFO] [stderr]     Checking matches v0.1.8
[INFO] [stderr]    Compiling serde v1.0.104
[INFO] [stderr]    Compiling crc32fast v1.2.0
[INFO] [stderr]     Checking smallvec v1.1.0
[INFO] [stderr]    Compiling httparse v1.3.4
[INFO] [stderr]     Checking safemem v0.3.3
[INFO] [stderr]     Checking percent-encoding v1.0.1
[INFO] [stderr]     Checking quick-error v1.2.3
[INFO] [stderr]     Checking ascii v0.8.7
[INFO] [stderr]     Checking adler32 v1.0.4
[INFO] [stderr]     Checking lazy_static v1.4.0
[INFO] [stderr]     Checking chunked_transfer v0.3.1
[INFO] [stderr]     Checking linked-hash-map v0.5.2
[INFO] [stderr]     Checking dtoa v0.4.5
[INFO] [stderr]     Checking regex-syntax v0.6.17
[INFO] [stderr]    Compiling brotli-sys v0.3.2
[INFO] [stderr]     Checking unicode-bidi v0.3.4
[INFO] [stderr]    Compiling rand_core v0.3.1
[INFO] [stderr]    Compiling rand_jitter v0.1.4
[INFO] [stderr]     Checking thread_local v1.0.1
[INFO] [stderr]     Checking unicode-normalization v0.1.12
[INFO] [stderr]    Compiling libc v0.2.66
[INFO] [stderr]     Checking log v0.4.8
[INFO] [stderr]    Compiling rand_xorshift v0.1.1
[INFO] [stderr]    Compiling rand_hc v0.1.0
[INFO] [stderr]    Compiling rand_isaac v0.1.1
[INFO] [stderr]     Checking rand v0.4.6
[INFO] [stderr]     Checking num_cpus v1.12.0
[INFO] [stderr]     Checking dirs v1.0.5
[INFO] [stderr]     Checking rand v0.5.6
[INFO] [stderr]     Checking filetime v0.2.8
[INFO] [stderr]     Checking yaml-rust v0.4.3
[INFO] [stderr]     Checking twoway v0.1.8
[INFO] [stderr]     Checking buf_redux v0.8.4
[INFO] [stderr]     Checking aho-corasick v0.7.10
[INFO] [stderr]    Compiling unicase v1.4.2
[INFO] [stderr]     Checking threadpool v1.7.1
[INFO] [stderr]     Checking log v0.3.9
[INFO] [stderr]    Compiling rand_chacha v0.1.1
[INFO] [stderr]    Compiling rand_pcg v0.1.2
[INFO] [stderr]    Compiling rand v0.6.5
[INFO] [stderr]     Checking gzip-header v0.3.0
[INFO] [stderr]     Checking mime v0.2.6
[INFO] [stderr]    Compiling phf_shared v0.7.24
[INFO] [stderr]     Checking deflate v0.7.20
[INFO] [stderr]     Checking base64 v0.9.3
[INFO] [stderr]     Checking term v0.5.2
[INFO] [stderr]    Compiling quote v1.0.2
[INFO] [stderr]    Compiling rand_os v0.1.3
[INFO] [stderr]     Checking phf v0.7.24
[INFO] [stderr]     Checking tempdir v0.3.7
[INFO] [stderr]     Checking idna v0.1.5
[INFO] [stderr]     Checking url v1.7.2
[INFO] [stderr]    Compiling phf_generator v0.7.24
[INFO] [stderr]    Compiling phf_codegen v0.7.24
[INFO] [stderr]    Compiling mime_guess v1.8.7
[INFO] [stderr]     Checking tiny_http v0.6.2
[INFO] [stderr]     Checking regex v1.3.7
[INFO] [stderr]     Checking multipart v0.15.4
[INFO] [stderr]    Compiling serde_derive v1.0.104
[INFO] [stderr]     Checking brotli2 v0.3.2
[INFO] [stderr]     Checking serde_json v1.0.45
[INFO] [stderr]     Checking serde_yaml v0.8.11
[INFO] [stderr]     Checking rouille v3.0.0
[INFO] [stderr]     Checking new-home-core v0.1.3 (/opt/rustwide/workdir)
[INFO] [stdout] error[E0554]: `#![feature]` may not be used on the beta release channel
[INFO] [stdout]  --> src/lib.rs:1:1
[INFO] [stdout]   |
[INFO] [stdout] 1 | #![feature(fn_traits)]
[INFO] [stdout]   | ^^^^^^^^^^^^^^^^^^^^^^
[INFO] [stdout] 
[INFO] [stdout] 
[INFO] [stdout] error[E0554]: `#![feature]` may not be used on the beta release channel
[INFO] [stdout]  --> src/lib.rs:2:1
[INFO] [stdout]   |
[INFO] [stdout] 2 | #![feature(unboxed_closures)]
[INFO] [stdout]   | ^^^^^^^^^^^^^^^^^^^^^^^^^^^^^
[INFO] [stdout] 
[INFO] [stdout] 
[INFO] [stdout] error[E0554]: `#![feature]` may not be used on the beta release channel
[INFO] [stdout]  --> src/lib.rs:1:1
[INFO] [stdout]   |
[INFO] [stdout] 1 | #![feature(fn_traits)]
[INFO] [stdout]   | ^^^^^^^^^^^^^^^^^^^^^^
[INFO] [stdout] 
[INFO] [stdout] 
[INFO] [stdout] error[E0554]: `#![feature]` may not be used on the beta release channel
[INFO] [stdout]  --> src/lib.rs:2:1
[INFO] [stdout]   |
[INFO] [stdout] 2 | #![feature(unboxed_closures)]
[INFO] [stdout]   | ^^^^^^^^^^^^^^^^^^^^^^^^^^^^^
[INFO] [stdout] 
[INFO] [stdout] 
[INFO] [stdout] error: aborting due to 2 previous errors
[INFO] [stdout] 
[INFO] [stdout] 
[INFO] [stdout] For more information about this error, try `rustc --explain E0554`.
[INFO] [stdout] 
[INFO] [stdout] error: aborting due to 2 previous errors
[INFO] [stdout] 
[INFO] [stdout] 
[INFO] [stdout] For more information about this error, try `rustc --explain E0554`.
[INFO] [stdout] 
[INFO] [stderr] error: could not compile `new-home-core`.
[INFO] [stderr] 
[INFO] [stderr] To learn more, run the command again with --verbose.
[INFO] [stderr] warning: build failed, waiting for other jobs to finish...
[INFO] [stderr] error: build failed
[INFO] running `Command { std: "docker" "inspect" "e264fef0673b1d57ac858a7fe82226ef3c298a8c57d3d8aef2efb3f95f411305", kill_on_drop: false }`
[INFO] running `Command { std: "docker" "rm" "-f" "e264fef0673b1d57ac858a7fe82226ef3c298a8c57d3d8aef2efb3f95f411305", kill_on_drop: false }`
[INFO] [stdout] e264fef0673b1d57ac858a7fe82226ef3c298a8c57d3d8aef2efb3f95f411305
